{"id":327,"date":"2020-10-20T23:35:01","date_gmt":"2020-10-20T23:35:01","guid":{"rendered":"http:\/\/alquilepe.es\/?page_id=327"},"modified":"2020-10-21T10:40:37","modified_gmt":"2020-10-21T10:40:37","slug":"construcciones","status":"publish","type":"page","link":"https:\/\/alquilepe.es\/?page_id=327","title":{"rendered":"Construcciones"},"content":{"rendered":"\n<p>Una de las caracteristicas que nos definen es la <strong>capacidad de adaptaci\u00f3n<\/strong>.<\/p>\n\n\n\n<p>Realizamos el trabajo de forma personalizada para cada cliente, partiendo desde la elaboraci\u00f3n de los presupuestos (<strong>totalmente gratuitos y sin compromisos<\/strong>), hasta la ejecuci\u00f3n de la obra, con un permanente contacto con el cliente, para adoptar sus ideas y necesidades a nuestro trabajo.<\/p>\n\n\n\n<p>Tenemos un amplio abanico a la hora de elegir el material con el que fabricar la vivienda, m\u00f3dulo, nave, etc\u00e9tera.<\/p>\n\n\n\n<p>Ofrecemos una amplia variedad de paneles, tanto en calidad, como en grosor, adapat\u00e1ndonos siempre al cliente y a la inversi\u00f3n que est\u00e9 dispuesto a realizar.\u00a0<\/p>\n\n\n\n<p>Adem\u00e1s del panel sandwich, brindamos otra forma de fabricaci\u00f3n prefabricada; se trata de <strong>construcciones con losas de hormig\u00f3n, disponiendo de nuestra propia mesa para elaborarlas<\/strong>, por lo que adem\u00e1s proponemos <strong>tiempos de espera m\u00e1s competitivos que otras empresas<\/strong>.\u00a0<\/p>\n\n\n\n<h2>Nuestros servicios<\/h2>\n\n\n\n<ul><li>Propuesta econ\u00f3mica basada en el an\u00e1lisis detallado del proyecto, sea nueva construcci\u00f3n o reforma, y de acuerdo con la normativa y legalidad vigente.<\/li><li>Estudio del proyecto, teniendo en cuenta aspectos funcionales y est\u00e9ticos, realizaci\u00f3n de planos,\u00a0 tr\u00e1mites administrativos y elaboraci\u00f3n de un plan de mantenimiento de la instalaci\u00f3n una vez finalizada la obra.<\/li><li>Le asesoramos en todo momento sobre cualquier aspecto de su proyecto.<\/li><\/ul>\n\n\n\n<div class=\"wp-block-image\"><figure class=\"aligncenter size-large\"><img loading=\"lazy\" width=\"900\" height=\"506\" src=\"http:\/\/alquilepe.es\/wp-content\/uploads\/2020\/10\/teaserbox_2490876314.jpg\" alt=\"\" class=\"wp-image-404\" srcset=\"https:\/\/alquilepe.es\/wp-content\/uploads\/2020\/10\/teaserbox_2490876314.jpg 900w, https:\/\/alquilepe.es\/wp-content\/uploads\/2020\/10\/teaserbox_2490876314-300x169.jpg 300w, https:\/\/alquilepe.es\/wp-content\/uploads\/2020\/10\/teaserbox_2490876314-768x432.jpg 768w\" sizes=\"(max-width: 900px) 100vw, 900px\" \/><\/figure><\/div>\n","protected":false},"excerpt":{"rendered":"<p>Una de las caracteristicas que nos definen es la capacidad de adaptaci\u00f3n. Realizamos el trabajo de forma personalizada para cada cliente, partiendo desde la elaboraci\u00f3n de los presupuestos (totalmente gratuitos y sin compromisos), hasta la ejecuci\u00f3n de la obra, con un permanente contacto con el cliente, para adoptar sus ideas y necesidades a nuestro trabajo. [&hellip;]<\/p>\n","protected":false},"author":1,"featured_media":0,"parent":0,"menu_order":0,"comment_status":"closed","ping_status":"closed","template":"","meta":[],"_links":{"self":[{"href":"https:\/\/alquilepe.es\/index.php?rest_route=\/wp\/v2\/pages\/327"}],"collection":[{"href":"https:\/\/alquilepe.es\/index.php?rest_route=\/wp\/v2\/pages"}],"about":[{"href":"https:\/\/alquilepe.es\/index.php?rest_route=\/wp\/v2\/types\/page"}],"author":[{"embeddable":true,"href":"https:\/\/alquilepe.es\/index.php?rest_route=\/wp\/v2\/users\/1"}],"replies":[{"embeddable":true,"href":"https:\/\/alquilepe.es\/index.php?rest_route=%2Fwp%2Fv2%2Fcomments&post=327"}],"version-history":[{"count":5,"href":"https:\/\/alquilepe.es\/index.php?rest_route=\/wp\/v2\/pages\/327\/revisions"}],"predecessor-version":[{"id":408,"href":"https:\/\/alquilepe.es\/index.php?rest_route=\/wp\/v2\/pages\/327\/revisions\/408"}],"wp:attachment":[{"href":"https:\/\/alquilepe.es\/index.php?rest_route=%2Fwp%2Fv2%2Fmedia&parent=327"}],"curies":[{"name":"wp","href":"https:\/\/api.w.org\/{rel}","templated":true}]}}